. What are the prime factors of y?
7, 11
Suppose -2*k = 5*p - 35, 5*p - 3*k = 2 + 33. List the prime factors of (p/2)/(1/38).
7, 19
Let a(r) = -r - 31. Let s be a(-37). What are the prime factors of ((-2)/(-3))/(-4*s/(-15732))?
19, 23
Let p(u) = -19342*u**3 + 78*u**2 + 77*u. What are the prime factors of p(-1)?
23, 29
Let s(h) = -h**2 + 11*h + 64. Let i be s(15). Let o(g) = g**3 + 2*g**2 + 9*g - 23. What are the prime factors of o(i)?
109
Let c(w) = w**3 + 47*w**2 - 30*w - 275. List the prime factors of c(-28).
15461
What are the prime factors of -7 - 29/(145/(-30)) - -28617?
2, 7, 73
Suppose 0 = 3*p - 2*b + 233, -4*b = 2*p - 49 + 183. Let m be (p/(-9))/(1/3). Suppose -3*i + 9 = 0, x - 3*i - m = 61. List the prime factors of x.
5, 19
Let v = -7242 - -19531. List the prime factors of v.
12289
Let i(j) = 697*j**2 - 139*j + 27. What are the prime factors of i(9)?
3, 17, 19
Suppose 6*d = -434 + 1712. Suppose -5*o + 429 = 4*u, -o = -8*u + 10*u - d. What are the prime factors of u?
2, 53
Let s(q) be the first derivative of 13*q**4 + q**2 - 3*q - 37. Suppose 13 = -3*z + 4*j, -5*j + 18 = 3*z - 5*z. What are the prime factors of s(z)?
3, 17
What are the prime factors of (-117)/(-1170) + 64369/10?
41, 157
Let u = -156 + 283. What are the prime factors of u + (3 - 2) + 5?
7, 19
Let k(r) = -8*r - 4. Suppose -12*s - 13 = -1. Let l be k(s). Suppose 3*y = -p + 851, -l*y = y - 3*p - 1395. List the prime factors of y.
2, 3, 47
What are the prime factors of -2 - -2219 - 52/4?
2, 19, 29
Suppose 5*i = -2*s + 24864 + 13214, -3*s + 12 = 0. What are the prime factors of i?
2, 3, 47
Let g be -12*1/(-4) + 1. Suppose 928 = g*i - 2*c, -40*c = -37*c. List the prime factors of i.
2, 29
Suppose 4*a + 2 - 6 = 4*h, -5*a + 8 = -4*h. Suppose 10*u - i - 2137 = 5*u, -4*u = -h*i - 1714. What are the prime factors of u?
7, 61
Let a(i) = 2*i**2 + 9*i + 1314. Let l be a(0). Let v = l - 594. What are the prime factors of v?
2, 3, 5
Let r = 7791 - 4153. Suppose -9*u + r + 1978 = 0. List the prime factors of u.
2, 3, 13
Let s(m) = m**3 + 12*m**2 + 14*m + 25. Let t(y) = -y**2 - 13*y - 37. Let w be t(-10). What are the prime factors of s(w)?
2, 43
Suppose -2*o = 32*o - 290530. What are the prime factors of o?
5, 1709
Let t(o) = o**3 + 12*o**2 - 13*o + 3. Let r be t(-13). Let s = r - 34. What are the prime factors of (-2 + s + 2)/((-2)/10)?
5, 31
Suppose s = 2*s + 128. Let a(z) = -7*z**3 + 4*z - 6. Let c be a(2). Let d = c - s. List the prime factors of d.
2, 37
Suppose 0 = 4*w + 16 + 8. Suppose -122*m + 1647 = -125*m + 3*o, 0 = -3*m + o - 1641. What are the prime factors of 9/(1 - -2) + m/w?
2, 47
Suppose -4*l + 20 = -28. Suppose 0 = -u + 7*u - l. Suppose u*i + 2*r - 12 = 40, 2*i - 76 = 4*r. List the prime factors of i.
2, 3, 5
Let d(p) = -p**3 - 12*p**2 - 17*p - 36. Let r be d(-16). Let g = -733 + r. List the prime factors of g.
17, 31
Let r(w) be the first derivative of w**4 - 7*w**3/3 + 15*w**2/2 + w - 1. Let n be r(4). Suppose -5*a - n = -1465. List the prime factors of a.
2, 3, 7
Let k = -630 + -4070. Let q = -2649 - k. List the prime factors of q.
7, 293
Let c(k) = k**3 + 101*k**2 - 115*k + 507. What are the prime factors of c(-99)?
2, 3, 29, 181
Let r be (39/9 + -3)*-9. Let h be (4*(-3)/18)/((-4)/r). What are the prime factors of (-97)/h + (-1)/((-2)/(-3))?
47
Suppose 27*y - 179242 = -22*y. List the prime factors of y.
2, 31, 59
Suppose -16*q = 10*q - 130. Suppose 5*g - 1487 = -4*x, x = -q*g + 344 + 9. List the prime factors of x.
2, 3, 7
Suppose -4*z - 3*x + 7 = 0, -13*z + 15*z - 17 = 3*x. What are the prime factors of 94*327/18 + z/(-6)?
3, 569
Let b = -109741 + 157340. What are the prime factors of b?
47599
List the prime factors of ((-1458)/63)/(18/(-336)).
2, 3
Let x(i) = -i**3 + 29*i**2 + 29*i + 25. Let n be x(30). List the prime factors of 20/n*54/4*-17.
2, 3, 17
Let g = 827 + -401. What are the prime factors of g?
2, 3, 71
Suppose 5*r - 11105 = -5*i, 3*i - 6447 = r + 212. Suppose 554*j - 558*j = -i. What are the prime factors of j?
3, 5, 37
Suppose 0 = -2*y + x - 6*x - 188, 3*y = -x - 295. Let c = y - -145. Let v = c + 81. List the prime factors of v.
127
Let i = -572 - -2029. Suppose 5*l = -4*r + 5800, -2021 = -3*l - 2*r + i. List the prime factors of l.
2, 17
Suppose 5*f - 26 = 39. Suppose -6*z = -3*t + f + 182, -2*t + z = -130. What are the prime factors of t?
5, 13
Suppose -j - 2*j + 9 = 0. Suppose -3239 + 869 = j*b. What are the prime factors of b/(-12) + 11/66?
2, 3, 11
Suppose 23*k - 9*k - 81511 = 28627. What are the prime factors of k?
7867
Suppose 0 = -5*s + 133*d - 131*d + 11902, 2*d + 7142 = 3*s. What are the prime factors of s?
2, 5, 7, 17
Let f(k) = -2*k**2 - 29*k - 94. Let x be f(-7). Suppose 19*r = -x*r + 11310. What are the prime factors of r?
13, 29
Suppose -i + 1844 + 1909 = -5*c, -5*c + 4*i = 3762. Let z = 1252 + c. List the prime factors of z.
2, 251
Suppose 38*t - 80 - 148 = 0. Suppose -5*x = 2*k - 3692, 2*k - t*k + 1464 = 2*x. What are the prime factors of x?
2, 5, 37
What are the prime factors of -32807*(-2)/10 - 556/1390?
3
Suppose 0 = 10*f - 8*f + 2, 2*f + 2634 = -2*a. Let z = a + 2676. What are the prime factors of z?
2, 5, 17
Suppose 16*v - 70 = 2*v. Suppose z = 5*d - 31, 3*z - v = d - 0. Suppose -5*i - 92 = -d*i. What are the prime factors of i?
2, 23
Let w(x) = 23*x**2 + 11*x + 1071. Let a(u) = -8*u**2 - 4*u - 357. Let f(c) = 17*a(c) + 6*w(c). List the prime factors of f(0).
3, 7, 17
Let s(i) = 181*i**3 - i**2 + 1. Let t be (2 - -3) + (-5)/5. Suppose t*h - 2 = 2*z, 4*h + z - 2*z = 3. What are the prime factors of s(h)?
181
Suppose -148074 - 183369 = -99*j + 78*j. What are the prime factors of j?
3, 5261
Let y be (-159)/2*(6/(-9) - 0). Let q = y - 53. Suppose -2*n - 4*v + 156 = q, 0 = -2*v + 4 - 0. List the prime factors of n.
2, 37
Let f(p) be the first derivative of 4*p**3/3 - 17*p**2/2 - 13*p - 3. Let w(q) = -q**2 + q + 1. Let b(g) = -f(g) - 6*w(g). List the prime factors of b(-5).
2
Suppose 1336 + 500 = 6*j. Let m = -201 + j. List the prime factors of m.
3, 5, 7
Let g be (-18)/(-24) + 14210/40. Let s = g + -177. What are the prime factors of s?
179
Suppose -4*n + 15 = -2*h + 57, 6 = 2*h + 5*n. Suppose -a + 3*x = -2, 3*x + h = 5*a - 9. Suppose 370 = 5*l - a. List the prime factors of l.
3, 5
Let b(t) = -2 + 211*t + 6 + 4 - 1. Let f be b(3). Suppose -g + f = 4*g. What are the prime factors of g?
2
Let j(f) = -125*f**3 + 2*f**2 + 2*f - 21. List the prime factors of j(-4).
53, 151
Let d(i) = i**2 - 4. Let q(t) = 15*t - 3. Let b be q(5). Let g be (((-9)/2)/(-3))/((-12)/b). List the prime factors of d(g).
7, 11
Suppose -2*y = 8 - 16. Let p = y + 0. Suppose -r = -4*z - 110, -p*z = 3*r + 2*r - 574. List the prime factors of r.
2, 3, 19
Let c(r) = 720*r**2 - 3*r + 23. Let h be c(3). Suppose 20*t + h - 20294 = 0. List the prime factors of t.
2, 3, 5, 23
Suppose -77*s + 36 = -63*s - 174. Let p(a) = a - 3. Let q be p(3). Suppose s*x - 13*x - 188 = q. What are the prime factors of x?
2, 47
Let f(u) = -50*u + 15. Let j(s) = -s + 2. Let x(q) = -f(q) - 10*j(q). List the prime factors of x(7).
5, 7, 11
Let o = 197 + -193. Suppose 0 = c - 2*z + 4*z - 7, -c - 5 = -z. List the prime factors of 7 - o - c - -211.
5, 43
List the prime factors of -1 + 75657/10 - 168/(-560).
5, 17, 89
Let n be -6*((3 - 8) + 4). Suppose n*o + 718 - 7594 = 0. List the prime factors of o.
2, 3, 191
Let g = -135 - -172. Let t = 47 + g. List the prime factors of t.
2, 3, 7
Let b(y) = 281*y**3 - 4*y**2 + 397*y - 1993. List the prime factors of b(5).
19, 97
Let y(l) = -l**3 + 21*l**2 - 11. Let f be y(17). Suppose 7*r = 2*r + f. Suppose -2*k + a + 301 = 0, 4*a - r = -2*k + 87. What are the prime factors of k?
2, 19
Let d(q) be the third derivative of 47*q**4/12 + 16*q**3 + 2*q**2 + 24*q. List the prime factors of d(15).
2, 3, 251
Suppose 34*n = 219789 - 12073 + 414994. What are the prime factors of n?
3, 5, 11, 37
Let s = 3541 + 5019. List the prime factors of s.
2, 5, 107
Suppose -5*t - 5*f = -63940, 800*t = 802*t - 3*f - 25566. List the prime factors of t.
2, 3, 2131
Let s(b) = -3*b + 20. Let p be s(-8). Let g = 44 - p. Suppose -a + v + 141 = g, v - 270 = -3*a + a. List the prime factors of a.
137
Let l(k) = -3*k**3 + 28*k**2 - 7*k + 5. Let o be l(9). List the prime factors of ((230/